 a factor of 35393133?
True
Is 690766 a multiple of 175?
False
Is 15697597 a multiple of 36?
False
Does 3 divide 102518?
False
Does 16 divide 201254?
False
Is 208 a factor of 605155?
False
Is 25 a factor of 1690758?
False
Is 52700 a multiple of 62?
True
Does 31 divide 721270?
False
Does 43 divide 2493828?
True
Is 50 a factor of 142204?
False
Does 67 divide 248550?
False
Does 423 divide 3096960?
False
Is 38781870 a multiple of 1201?
False
Is 16 a factor of 1164352?
True
Is 63 a factor of 194859?
True
Is 798490 a multiple of 34?
True
Does 7 divide 28399?
True
Does 179 divide 653275?
False
Does 168 divide 240576?
True
Is 65978 a multiple of 11?
True
Does 505 divide 712512?
False
Is 2 a factor of 247211?
False
Is 179 a factor of 3063406?
True
Is 209051 a multiple of 25?
False
Is 314 a factor of 528148?
True
Does 149 divide 2323059?
True
Is 133 a factor of 195909?
True
Is 1651184 a multiple of 31?
True
Is 17298 a multiple of 6?
True
Does 237 divide 2481390?
True
Does 44 divide 85687?
False
Is 86 a factor of 8069466?
True
Is 110516 a multiple of 6?
False
Is 134520 a multiple of 93?
False
Is 647729 a multiple of 73?
True
Is 10 a factor of 80?
True
Does 419 divide 1045405?
True
Does 10 divide 1786669?
False
Is 10149225 a multiple of 1033?
True
Is 11 a factor of 245949?
True
Is 171969 a multiple of 62?
False
Is 76 a factor of 2443632?
False
Is 861042 a multiple of 1162?
True
Does 12 divide 17048931?
False
Is 651854 a multiple of 3?
False
Is 813112 a multiple of 82?
True
Is 613 a factor of 895616?
False
Does 12 divide 7464?
True
Does 9 divide 90405?
True
Is 424175 a multiple of 95?
True
Is 17 a factor of 391441?
False
Does 103 divide 8903217?
True
Is 112 a factor of 225469?
False
Is 4 a factor of 1509684?
True
Is 400 a multiple of 80?
True
Is 566202 a multiple of 546?
True
Is 112 a factor of 951109?
False
Is 872 a factor of 807532?
False
Does 5 divide 79210?
True
Is 120 a factor of 4632600?
True
Is 288 a factor of 1956960?
True
Does 31 divide 216349?
True
Is 17 a factor of 69241?
True
Does 18 divide 82620?
True
Is 101234 a multiple of 98?
True
Is 3170684 a multiple of 40?
False
Is 200 a factor of 84733?
False
Is 212 a factor of 2525132?
True
Is 5 a factor of 23765?
True
Is 194 a factor of 291538?
False
Does 25 divide 441475?
True
Is 35 a factor of 2599520?
True
Does 615 divide 5700904?
False
Is 74073 a multiple of 8?
False
Does 431 divide 4179426?
False
Is 586 a factor of 3217726?
True
Is 10 a factor of 260467?
False
Is 4178170 a multiple of 44?
False
Does 13 divide 2237859?
True
Is 150948 a multiple of 28?
True
Is 407 a factor of 3320713?
True
Does 17 divide 10740859?
False
Is 719303 a multiple of 15?
False
Is 163 a factor of 26732?
True
Does 6 divide 4678638?
True
Is 7501487 a multiple of 20?
False
Is 4 a factor of 2584220?
True
Is 127 a factor of 2704084?
True
Is 12722732 a multiple of 15?
False
Does 1183 divide 3414138?
True
Is 11287 a multiple of 52?
False
Is 34981 a multiple of 79?
False
Does 268 divide 1003598?
False
Is 2602764 a multiple of 35?
False
Is 130715 a multiple of 65?
True
Is 2667600 a multiple of 300?
True
Is 381685 a multiple of 162?
False
Is 14 a factor of 1386826?
True
Does 353 divide 17592115?
False
Does 68 divide 8333666?
False
Is 1778247 a multiple of 603?
True
Does 234 divide 363168?
True
Does 39 divide 289330?
False
Is 47 a factor of 227386?
True
Is 26 a factor of 2687305?
False
Is 260 a factor of 283538?
False
Is 4723950 a multiple of 42?
True
Is 136 a factor of 9315184?
True
Does 24 divide 720144?
True
Is 374 a factor of 353745?
False
Is 49 a factor of 86730?
True
Does 266 divide 10012772?
True
Is 12 a factor of 1156257?
False
Is 470955 a multiple of 5?
True
Is 37 a factor of 9664770?
True
Does 12 divide 344270?
False
Is 71680 a multiple of 112?
True
Is 15 a factor of 356100?
True
Does 19 divide 1892476?
True
Is 151 a factor of 1002791?
True
Is 159 a factor of 444391?
False
Is 102 a factor of 124672?
False
Is 26 a factor of 261222?
True
Is 755128 a multiple of 88?
True
Is 2644781 a multiple of 19?
True
Is 8579984 a multiple of 56?
True
Does 144 divide 54136?
False
Is 225 a factor of 49725?
True
Is 3524013 a multiple of 67?
False
Is 37 a factor of 3071?
True
Does 987 divide 3429664?
False
Is 251 a factor of 1030063?
False
Is 17 a factor of 12446074?
True
Does 36 divide 61448?
False
Does 19 divide 13451012?
True
Is 15987 a multiple of 51?
False
Does 22 divide 100961?
False
Does 9 divide 269739?
True
Does 140 divide 449540?
True
Is 288 a factor of 1640143?
False
Is 1871033 a multiple of 47?
False
Is 1283724 a multiple of 12?
True
Does 305 divide 93409?
False
Is 18 a factor of 749093?
False
Is 5 a factor of 77259?
False
Does 7 divide 51477?
False
Does 17 divide 1677900?
True
Is 69 a factor of 398298?
False
Is 127 a factor of 2772994?
False
Is 80 a factor of 5302812?
False
Is 483 a factor of 615385?
False
Is 6659 a multiple of 7?
False
Is 552920 a multiple of 184?
True
Is 19939 a multiple of 31?
False
Is 1348860 a multiple of 7?
False
Is 22 a factor of 1141435?
False
Is 11 a factor of 1400916?
True
Is 60 a factor of 3652467?
False
Is 1116 a factor of 6013396?
False
Is 302912 a multiple of 36?
False
Does 25 divide 317775?
True
Is 807139 a multiple of 236?
False
Is 40 a factor of 340182?
False
Is 724836 a multiple of 46?
False
Is 4 a factor of 612684?
True
Is 76 a factor of 1415836?
False
Does 6 divide 18264?
True
Is 358443 a multiple of 9?
True
Is 554463 a multiple of 52?
False
Does 15 divide 4482033?
False
Is 8 a factor of 30152?
True
Is 284745 a multiple of 41?
True
Is 16 a factor of 8673984?
True
Is 692 a factor of 1828334?
False
Does 852 divide 1805388?
True
Is 999495 a multiple of 1503?
True
Is 414 a factor of 80730?
True
Is 14 a factor of 8166452?
True
Does 10 divide 313627?
False
Does 8 divide 3619920?
True
Does 1532 divide 6442060?
True
Does 4 divide 2414612?
True
Is 21163776 a multiple of 816?
True
Does 9 divide 391880?
False
Is 452706 a multiple of 197?
True
Does 89 divide 780886?
True
Is 333 a factor of 4432761?
False
Is 2655675 a multiple of 25?
True
Does 2 divide 1564624?
True
Is 1209330 a multiple of 45?
True
Does 10 divide 82870?
True
Is 296668 a multiple of 79?
False
Does 125 divide 3554750?
True
Is 14 a factor of 121870?
True
Is 27 a factor of 748926?
True
Does 183 divide 1383114?
True
Does 42 divide 684168?
False
Is 248694 a multiple of 3?
True
Is 151753 a multiple of 91?
False
Is 43 a factor of 109064?
False
Is 32 a factor of 1597407?
False
Is 78 a factor of 227682?
True
Does 73 divide 14363?
False
Does 17 divide 64549?
True
Is 153 a factor of 999568?
False
Is 15 a factor of 182590?
False
Is 46 a factor of 27601196?
True
Does 114 divide 28386?
True
Does 391 divide 313140?
False
Is 6 a factor of 1927727?
False
Is 4198683 a multiple of 337?
True
Is 4963701 a multiple of 36?
False
Does 875 divide 7935450?
False
Does 2 divide 652659?
False
Is 1390294 a multiple of 43?
False
Is 61 a factor of 636352?
True
Is 16 a factor of 4967584?
True
Does 91 divide 55367?
False
Is 105 a factor of 277200?
True
Is 51 a factor of 641682?
True
Does 644 divide 90804?
True
Is 9 a factor of 3240306?
True
Is 23 a factor of 9047159?
False
Is 973937 a multiple of 53?
False
Is 2141942 a multiple of 152?
False
Is 167897 a multiple of 4?
False
Is 21316 a multiple of 3?
False
Is 9568 a multiple of 26?
True
Is 7251262 a multiple of 449?
False
Is 344972 a multiple of 688?
False
Is 22 a factor of 18740?
False
Is 9 a factor of 923182?
False
Is 2418059 a multiple of 2?
False
Is 80819 a multiple of 16?
False
Is 8455416 a multiple of 13?
False
Is 426619 a multiple of 111?
False
Does 66 divide 9190097?
False
Does 154 divide 5999112?
False
Is 14004664 a multiple of 110?
False
Is 181854 a multiple of 108?
False
Does 20 divide 426480?
True
Is 6 a factor of 313986?
True
Is 151596 a multiple of 27?
False
Does 162 divide 1074952?
False
Does 5 divide 250702?
False
Is 726019 a multiple of 49?
False
Is 42 a factor of 145126?
False
Is 21 a factor of 329485?
False
Is 9 a factor of 176322?
False
Does 226 divide 8720662?
True
Is 12 a factor of 259632?
True
Does 25 divide 29900?
True
Is 83081 a multiple of 74?
False
Is 25022099 a multiple of 103?
True
Is 1345125 a multiple of 46?
False
Is 139 a factor of 422004?
True
Is 4375841 a multiple of 118?
False
Is 96734